{"id":251,"date":"2017-08-23T14:22:20","date_gmt":"2017-08-23T14:22:20","guid":{"rendered":"http:\/\/klub-as.pl\/?page_id=251"},"modified":"2017-08-23T14:24:54","modified_gmt":"2017-08-23T14:24:54","slug":"deklaracja-czlonkowska","status":"publish","type":"page","link":"http:\/\/klub-as.pl\/?page_id=251","title":{"rendered":"Deklaracja cz\u0142onkowska"},"content":{"rendered":"<p style=\"text-align: right;\"><span style=\"font-size: 14pt;\">Deklaracja cz\u0142onkowska w wersji <a href=\"http:\/\/klub-as.pl\/wp-content\/uploads\/2017\/08\/deklaracja.pdf\"><strong>PDF<\/strong><\/a><\/span><\/p>\n<p style=\"text-align: left;\"><strong><span style=\"font-size: 18pt;\">Dane Zawodnika<\/span><\/strong><br \/>\nImi\u0119 i Nazwisko:<br \/>\nData Urodzenia:<br \/>\nAdres:<\/p>\n<p style=\"text-align: left;\"><strong><span style=\"font-size: 18pt;\">Dane rodzica\/opiekuna<\/span><\/strong><br \/>\nImi\u0119 i Nazwisko:<br \/>\nAdres:<br \/>\nKontakt:<br \/>\nTel:<br \/>\nGsm:<br \/>\ne-mail:<\/p>\n<p style=\"text-align: left;\">Niniejszym zobowi\u0105zuj\u0119 si\u0119 do przestrzegania Statutu Klubu i regularnego wp\u0142acania sk\u0142adek cz\u0142onkowskich.<\/p>\n<p style=\"text-align: left;\">Bielsko-Bia\u0142a dnia:<\/p>\n<p style=\"text-align: center;\">Podpis rodzica \/ opiekuna<\/p>\n<p>&nbsp;<\/p>\n<p style=\"text-align: center;\">Klub Sportowy AS \u00ae 43-300 Bielsko-Bia\u0142a u. J. Kossaka 6<br \/>\nTel: 33 810 0826, fax: 33 829 4777, gsm: 509 722215<br \/>\ne-mail: <a href=\"mailto:biuro@klub-as.pl\">biuro@klub-as.pl<\/a>, www.klub-as.pl<\/p>\n","protected":false},"excerpt":{"rendered":"<p>Deklaracja cz\u0142onkowska w wersji PDF Dane Zawodnika Imi\u0119 i Nazwisko: Data Urodzenia: Adres: Dane rodzica\/opiekuna Imi\u0119 i Nazwisko: Adres: Kontakt: [&hellip;]<\/p>\n","protected":false},"author":2,"featured_media":0,"parent":0,"menu_order":0,"comment_status":"closed","ping_status":"closed","template":"","meta":{"footnotes":""},"_links":{"self":[{"href":"http:\/\/klub-as.pl\/index.php?rest_route=\/wp\/v2\/pages\/251"}],"collection":[{"href":"http:\/\/klub-as.pl\/index.php?rest_route=\/wp\/v2\/pages"}],"about":[{"href":"http:\/\/klub-as.pl\/index.php?rest_route=\/wp\/v2\/types\/page"}],"author":[{"embeddable":true,"href":"http:\/\/klub-as.pl\/index.php?rest_route=\/wp\/v2\/users\/2"}],"replies":[{"embeddable":true,"href":"http:\/\/klub-as.pl\/index.php?rest_route=%2Fwp%2Fv2%2Fcomments&post=251"}],"version-history":[{"count":4,"href":"http:\/\/klub-as.pl\/index.php?rest_route=\/wp\/v2\/pages\/251\/revisions"}],"predecessor-version":[{"id":256,"href":"http:\/\/klub-as.pl\/index.php?rest_route=\/wp\/v2\/pages\/251\/revisions\/256"}],"wp:attachment":[{"href":"http:\/\/klub-as.pl\/index.php?rest_route=%2Fwp%2Fv2%2Fmedia&parent=251"}],"curies":[{"name":"wp","href":"https:\/\/api.w.org\/{rel}","templated":true}]}}